hat is s(-6)?
5
Let z(h) = -h**2 - 5*h + 57. Calculate z(-11).
-9
Let t(r) = r - 27. Give t(0).
-27
Let u(v) = v**3 + 3*v**2 - 8*v + 9. What is u(-5)?
-1
Let r(j) = 11*j**2 - 3*j + 2. What is r(1)?
10
Let x(p) = -p + 1. Determine x(0).
1
Let m(h) = 2*h**2 + 3*h - 8. Determine m(-4).
12
Let v(y) = -16*y + 119. What is v(8)?
-9
Let x(v) = 10*v - 1. What is x(1)?
9
Let v(y) = 14*y**2 - 4*y. Give v(-1).
18
Let c(u) = 2*u**3 - 115*u**2 - 59*u + 50. Calculate c(58).
-8
Let b(u) = -3*u - 37. Give b(-15).
8
Let n(u) = -u**2 - 10*u + 1. Determine n(-12).
-23
Let s(j) = 3*j + 4. Calculate s(-9).
-23
Let s(q) = 6*q + 39. Determine s(-7).
-3
Let k(t) = t**2 + t + 10. Give k(7).
66
Let k(b) = -b**3 - b**2 - b - 3. Determine k(-2).
3
Let b(r) = 3*r + 13. Determine b(-4).
1
Let p(x) = 53*x + 1. What is p(2)?
107
Let j(p) = -2*p**2 + 28*p - 47. Determine j(12).
1
Let f(d) = -4*d**2 + 4*d + 8. What is f(6)?
-112
Let k(m) = m**3 - 13*m**2 - m + 26. Calculate k(13).
13
Let h(n) = -n**3 - 4*n**2 + 2*n + 7. Give h(-4).
-1
Let j(t) = t**3 - 5*t**2 - 2*t + 8. Give j(6).
32
Let h(n) = -n**3 + 15*n**2 + n - 22. Calculate h(15).
-7
Let t(p) = 2*p**2 - 22*p + 27. Give t(10).
7
Let a(p) = -p**3 - 4*p**2 + 11*p + 18. Determine a(-6).
24
Let g(d) = -d**3 + d**2 + 2*d - 2. Give g(0).
-2
Let b(r) = -3*r**2 - 7*r - 1. What is b(-2)?
1
Let c(u) = 2*u**3 + 12*u**2 + 10*u - 11. Give c(-4).
13
Let m(q) = q**2 + 7*q + 7. Determine m(-8).
15
Let j(s) = -9*s + 31. Give j(4).
-5
Let i(u) = -u + 6. Give i(9).
-3
Let y(m) = -m**2 + 10*m - 18. What is y(6)?
6
Let c(n) = -10*n - 113. Calculate c(-13).
17
Let q(y) = 2*y - 1. Give q(-6).
-13
Let j(q) = -17*q + 51. Calculate j(7).
-68
Let z(v) = -3*v**2 + 3*v + 1. Give z(-2).
-17
Let h(f) = f**2 - 7*f + 10. Determine h(3).
-2
Let h(w) = w**2 - 3*w - 14. Give h(6).
4
Let r(u) = -5*u**2 - 9*u - 15. Give r(-3).
-33
Let i(v) = 14*v - 93. Calculate i(5).
-23
Let g(i) = 2*i**2 - 7*i - 16. What is g(-3)?
23
Let l(j) = 234*j + 946. Determine l(-4).
10
Let z(f) = -6*f + 101. Determine z(17).
-1
Let n(k) = -54*k**3 - k**2 - 2*k. What is n(-1)?
55
Let f(n) = 19*n + 44. What is f(-4)?
-32
Let q(v) = -22*v - 288. Determine q(-13).
-2
Let v(b) = b**2 - 12*b - 221. Determine v(22).
-1
Let o(a) = 6*a**2 - 40*a - 4. Give o(6).
-28
Let x(m) = -3*m**2 - 23*m - 9. What is x(-8)?
-17
Let u(k) = k**3 - 24*k**2 - 26*k + 19. Calculate u(25).
-6
Let h(n) = -4*n - 5. Calculate h(9).
-41
Let l(f) = 2*f**2 - 7*f - 33. What is l(-2)?
-11
Let s(d) = d**3 + 7*d**2 + 8. What is s(-6)?
44
Let u(f) = -31*f**2 - f - 1. Give u(-1).
-31
Let c(h) = -h**3 + 31*h**2 + 33*h - 30. Calculate c(32).
2
Let r(n) = n + 16. What is r(-7)?
9
Let q(j) = -8*j**3 - j**2 - 2*j. Determine q(-1).
9
Let n(c) = -46*c + 3. Determine n(-2).
95
Let i(k) = k**2 + 24*k + 75. What is i(-19)?
-20
Let f(j) = 6*j + 2. What is f(-2)?
-10
Let c(o) = -o**3 + 35*o**2 + 198*o + 79. Determine c(40).
-1
Let u(n) = 3*n**2 + 32*n + 10. What is u(-10)?
-10
Let k(g) = -g**3 + 14*g**2 - 3*g + 35. Determine k(14).
-7
Let h(g) = -g**2 + 7*g - 1. Calculate h(-2).
-19
Let t(a) = -a**3 - 10*a**2 - 11*a - 34. Determine t(-9).
-16
Let g(b) = -3*b + 5. Give g(2).
-1
Let n(k) = -k. Determine n(1).
-1
Let s(a) = 6*a - 33. What is s(10)?
27
Let z(o) = -3*o**3 + o - 1. Determine z(2).
-23
Let g(p) = p**3 - 7*p**2 + 4*p + 28. Determine g(6).
16
Let s(q) = -q**3 - 10*q**2 - 27*q - 11. What is s(-6)?
7
Let y(g) = -g**3 - g**2 + g - 15. What is y(0)?
-15
Let o(l) = -16*l + 82. What is o(8)?
-46
Let k(h) = h**3 - 36*h**2 - 82*h + 226. What is k(38)?
-2
Let j(b) = -2*b - 10. Give j(-7).
4
Let x(v) = v - 6. Determine x(8).
2
Let s(d) = -3*d - 9. Calculate s(6).
-27
Let d(p) = 19*p + 4. Give d(-1).
-15
Let q(b) = -b**3 + 5*b**2 + b - 17. Determine q(5).
-12
Let k(a) = -3*a**2 + 5. Give k(3).
-22
Let j(s) = -s**2 + 4*s + 6. Give j(6).
-6
Let l(q) = -q**3 - 2*q**2 + 4. What is l(-3)?
13
Let s(i) = i**3 + 4*i**2 + 8*i + 3. What is s(-2)?
-5
Let l(q) = q**2 + 19*q + 86. Determine l(-14).
16
Let x(s) = -s**3 - 3*s**2 + 9*s + 4. Determine x(-4).
-16
Let n(w) = -6*w + 6. Determine n(3).
-12
Let t(o) = o**3 + 4*o**2 - o - 5. What is t(-4)?
-1
Let t(y) = -y**3 - 6*y**2 + 6*y + 12. What is t(-6)?
-24
Let y(g) = 30*g + 183. What is y(-6)?
3
Let m(a) = -a**3 - 5*a**2 + 6*a - 8. Calculate m(-6).
-8
Let h(r) = r**2 - 10*r + 15. Determine h(6).
-9
Let i(z) = 5*z + 17. What is i(-5)?
-8
Let p(w) = 6*w + 78. Determine p(-11).
12
Let i(o) = -o**2 + 4*o - 2. Calculate i(3).
1
Let k(l) = -l**2 + 16*l - 32. Determine k(13).
7
Let n(h) = h**2 - 11*h - 16. Calculate n(9).
-34
Let u(d) = -d + 8. Give u(9).
-1
Let z(u) = u**3 - 4*u**2 + 3. Calculate z(4).
3
Let y(c) = 3*c**3 + c**2 - 7*c - 6. Calculate y(-2).
-12
Let w(o) = o**2 + 23*o + 71. Give w(-4).
-5
Let l(t) = -7*t - 93. What is l(-12)?
-9
Let a(p) = -90*p + 357. Calculate a(4).
-3
Let l(h) = h**3 - 4*h**2 - 19*h - 9. Calculate l(7).
5
Let g(l) = -l**3 + 15*l**2 + 5*l - 31. Give g(15).
44
Let h(m) = -52*m - 6. Determine h(-2).
98
Let n(k) = 13*k - 5. What is n(-4)?
-57
Let l(c) = 7*c - 1. What is l(1)?
6
Let o(j) = 3*j**2 + 6*j - 11. Determine o(-6).
61
Let d(x) = -x**2 - 6*x + 68. What is d(-12)?
-4
Let f(u) = -u**3 - 10*u**2 + 15*u. Calculate f(-11).
-44
Let t(v) = -4*v + 33. What is t(8)?
1
Let x(j) = -j**2 + 62. What is x(-7)?
13
Let b(f) = -3*f + 18. Determine b(4).
6
Let q(u) = 3*u + 9. Calculate q(5).
24
Let t(k) = k**3 + 29*k**2 + 26*k - 49. Determine t(-28).
7
Let p(q) = -q**3 + 16*q**2 + q - 15. Determine p(16).
1
Let a(c) = 17*c - 3. Give a(2).
31
Let i(u) = 7*u**3 - 6*u**2 + u + 2. Calculate i(2).
36
Let h(u) = -u**3 + 9*u**2 + 12. What is h(9)?
12
Let h(p) = 4*p + 55. Give h(-15).
-5
Let o(l) = 3*l**2 + 3*l - 4. Determine o(-5).
56
Let f(h) = 2*h**3 + 18*h**2 + 2*h + 3. What is f(-9)?
-15
Let h(b) = b**2 - 10*b + 24. Give h(6).
0
Let w(t) = -39*t**3 + t**2 - 4*t + 4. Determine w(1).
-38
Let r(o) = -2*o**3 + 35*o**2 + 54*o + 49. Calculate r(19).
-8
Let j(n) = -n**2 + 11*n + 6. Determine j(12).
-6
Let q(v) = 15*v. Calculate q(1).
15
Let o(b) = -6*b + 34. What is o(6)?
-2
Let n(a) = -a**3 + 49*a**2 - 10*a + 493. Calculate n(49).
3
Let f(w) = w + 2. Give f(-7).
-5
Let o(v) = -4*v + 17. Calculate o(-4).
33
Let j(w) = w + 16. Calculate j(16).
32
Let c(u) = -5*u**3 + u**2 - u - 1. Calculate c(-2).
45
Let f(y) = y**2 - 28*y + 2. Give f(0).
2
Let c(x) = 45*x**3 + 2*x**2 - 5*x + 4. Give c(1).
46
Let g(f) = -f**3 + 28*f**2 - 28*f + 61. What is g(27)?
34
Let d(s) = s**2 - 2*s + 1. Calculate d(1).
0
Let r(f) = -2*f**2 - 5*f + 7. Calculate r(-3).
4
Let a(o) = 3*o**2 + 65*o - 131. What is a(2)?
11
Let l(g) = -3*g + 28. Determine l(13).
-11
Let m(d) = 2*d**2 - 20*d - 7. Calculate m(10).
-7
Let r(g) = g**3 - 8*g**2 + 2*g - 1. Give r(8).
15
Let o(l) = l**3 + 11*l**2 + 8*l - 6. What is o(-10)?
14
Let o(v) = 189*v**2 + 1. Give o(1).
190
Let f(a) = -a**3 + 9*a**2 - 8*a + 5. What is f(8)?
5
Let d(s) = 27*s + 1. Give d(0).
1
Let q(h) = h**3 - 9*h**2 - 2*h + 17. Give q(9).
-1
Let l(h) = h**3 + 9*h**2 + 14*h + 59. What is l(-8)?
11
Let c(x) = 9*x - 50. Calculate c(5).
-5
Let q(y) = 4*y - 45. Give q(23).
47
Let q(n) = 4*n**3 - 3*n**2 - 2*n - 5. Give q(3).
70
Let b(h) = 2*h**3 - 28*h**2 - 32*h + 7. Determine b(15).
-23
Let k(x) = x**3 + x**2 - 8. Calculate k(0).
-8
Let a(n) = -n**3 + 2*n**2 + 9*n - 13. What is a(3)?
5
Let m(k) = -k**2 - 13*k - 11. What is m(-12)?
1
Let a(l) = -l**2 - 3*l + 2. Determine a(-5).
-8
Let a(u) = -25*u - 41. What is a(-2)?
9
Let u(b) = b**2 + 11*b - 22. Calculate u(-8).
-46
Let c(h) = -3*h - 5. Determine c(-8).
19
Let s(f) = -2*f + 17. Give s(12).
-7
Let y(o) = -8*o - 21. Determine y(-4).
11
Let a(t) = 2*t**2 - 25*t - 14. What is a(13)?
-1
Let z(s) = s**3 + 7*s**2 - 4*s - 12. Give z(-7).
16
Let j(x) = x**2 + 4*x + 3. Determine j(-5).
8
Let y(o) = -o**2 - 15*o - 11. Determine y(-12).
25
Let p(a) = 18*a - 7. What is p(-2)?
-43
Let k(v) = v**3 + 26*v**2 + 46*v - 54. Determine k(-24).
-6
Let o(f) = -f**2 + 33*f + 43. Calculate o(34).
9
Let a(k) = -44*k + 1055. What is a(24)?
-1
Let x(f) = -5*f - 3. Determine x(9).
-48
Let g(c) = c + 7. Determine g(9).
16
Let v(l) = 2*l - 2. Give v(0).
-2
Let f(s) = 2*s**3 + 7*s**2 - s + 16. Give f(-4).
4
Let n(d) = d**3 + 14*d**2 - 8*d + 89. What is n(-15)?